) to base 11.
-1
What is 1 (base 8) in base 15?
1
Convert f3 (base 16) to base 9.
300
What is -66 (base 10) in base 11?
-60
Convert -15 (base 15) to base 13.
-17
What is -4 (base 9) in base 14?
-4
Convert -2 (base 9) to base 16.
-2
102 (base 3) to base 8
13
Convert -22 (base 9) to base 4.
-110
What is 101 (base 8) in base 9?
72
What is -100110 (base 2) in base 5?
-123
What is 88 (base 12) in base 2?
1101000
What is a (base 15) in base 13?
a
-1 (base 4) to base 15
-1
8 (base 16) to base 12
8
Convert -4 (base 5) to base 16.
-4
Convert -e7 (base 16) to base 4.
-3213
a0 (base 12) to base 13
93
Convert 2 (base 8) to base 6.
2
Convert 21 (base 13) to base 16.
1b
What is -1 (base 10) in base 15?
-1
What is 30 (base 5) in base 11?
14
What is 0 (base 12) in base 5?
0
What is 1 (base 16) in base 5?
1
1010101 (base 2) to base 15
5a
15 (base 8) to base 5
23
Convert 89 (base 10) to base 14.
65
32 (base 14) to base 5
134
Convert 83 (base 9) to base 5.
300
Convert -46 (base 15) to base 3.
-2110
Convert -10 (base 3) to base 12.
-3
What is -1 (base 2) in base 14?
-1
Convert 24 (base 6) to base 12.
14
223 (base 6) to base 12
73
Convert 36 (base 15) to base 7.
102
What is 68 (base 9) in base 13?
4a
Convert -35 (base 6) to base 16.
-17
14 (base 5) to base 13
9
3 (base 14) to base 12
3
Convert -1 (base 5) to base 3.
-1
What is -2 (base 13) in base 11?
-2
What is 68 (base 9) in base 3?
2022
Convert 52 (base 6) to base 16.
20
Convert -5 (base 7) to base 4.
-11
What is 0 (base 4) in base 6?
0
Convert -102 (base 14) to base 3.
-21100
Convert -10 (base 2) to base 12.
-2
Convert -14 (base 11) to base 12.
-13
Convert 320 (base 5) to base 8.
125
-12000 (base 3) to base 11
-113
-3 (base 16) to base 4
-3
Convert 11 (base 8) to base 4.
21
-2 (base 12) to base 3
-2
-1 (base 14) to base 15
-1
-1 (base 12) to base 4
-1
1f (base 16) to base 2
11111
Convert 1 (base 7) to base 8.
1
-4 (base 8) to base 5
-4
0 (base 11) to base 5
0
-112 (base 4) to base 13
-19
What is -16 (base 9) in base 8?
-17
Convert -13 (base 5) to base 7.
-11
1 (base 7) to base 8
1
-15b (base 14) to base 16
-115
-12 (base 4) to base 9
-6
What is 7 (base 11) in base 10?
7
What is 344 (base 6) in base 8?
210
Convert -201 (base 3) to base 7.
-25
What is -1 (base 9) in base 5?
-1
-22 (base 5) to base 7
-15
What is 12110 (base 3) in base 6?
403
Convert -11 (base 4) to base 9.
-5
Convert 101 (base 5) to base 12.
22
151 (base 7) to base 11
78
Convert -11101 (base 3) to base 7.
-226
Convert 2 (base 6) to base 12.
2
Convert -10 (base 5) to base 2.
-101
Convert -1026 (base 7) to base 14.
-1bd
What is -12 (base 9) in base 7?
-14
Convert -11 (base 2) to base 16.
-3
What is 6 (base 10) in base 12?
6
-102 (base 3) to base 7
-14
What is 1230 (base 4) in base 11?
99
What is -12 (base 9) in base 3?
-102
What is 2b (base 13) in base 7?
52
-1221 (base 4) to base 6
-253
What is -1 (base 5) in base 8?
-1
Convert 11 (base 3) to base 10.
4
4 (base 13) to base 7
4
Convert -244 (base 6) to base 12.
-84
1000 (base 3) to base 10
27
a5 (base 13) to base 15
90
What is 19 (base 16) in base 15?
1a
Convert 13 (base 6) to base 7.
12
8 (base 13) to base 16
8
What is 21 (base 4) in base 11?
9
7 (base 16) to base 6
11
Convert 2102 (base 3) to base 6.
145
2 (base 7) to base 15
2
What is 120 (base 9) in base 7?
201
What is -102 (base 6) in base 10?
-38
101 (base 5) to base 16
1a
Convert b2 (base 13) to base 5.
1040
What is 100 (base 2) in base 7?
4
1a (base 11) to base 16
15
-3 (base 9) to base 16
-3
-31 (base 9) to base 2
-11100
-35 (base 6) to base 5
-43
What is 2 (base 8) in base 3?
2
-4 (base 7) to base 16
-4
0 (base 11) to base 5
0
Convert 12 (base 6) to base 15.
8
Convert -4 (base 12) to base 9.
-4
What is -184 (base 12) in base 10?
-244
0 (base 8) to base 15
0
What is 130 (base 11) in base 12?
10a
6 (base 7) to base 3
20
120 (base 3) to base 10
15
Convert 23 (base 4) to base 12.
b
What is 2 (base 16) in base 8?
2
Convert 11 (base 10) to base 11.
10
-12 (base 7) to base 3
-100
Convert a8 (base 14) to base 4.
2110
Convert 3 (base 16) to base 14.
3
12 (base 12) to base 16
e
-6 (base 13) to base 3
-20
Convert 11 (base 4) to base 2.
101
What is 0 (base 10) in base 5?
0
What is -27 (base 9) in base 8?
-31
What is -2 (base 8) in base 11?
-2
Convert -1000011 (base 2) to base 3.
-2111
Convert 4 (base 16) to base 10.
4
13 (base 4) to base 3
21
Convert -24 (base 12) to base 7.
-40
Convert -16 (base 13) to base 9.
-21
12 (base 3) to base 8
5
What is -25 (base 7) in base 15?
-14
110100 (base 2) to base 11
48
What is 11 (base 8) in base 9?
10
-2 (base 5) to base 8
-2
12 (base 15) to base 10
17
Convert 95 (base 12) to base 2.
1110001
b (base 16) to base 15
b
9 (base 10) to base 11
9
0 (base 2) to base 4
0
10 (base 2) to base 3
2
What is 522 (base 8) in base 11?
288
Convert 56 (base 14) to base 13.
5b
-4 (base 7) to base 5
-4
What is 1154 (base 6) in base 4?
10132
4 (base 9) to base 15
4
Convert -1 (base 10) to base 3.
-1
Convert 3b (base 16) to base 3.
2012
-1 (base 12) to base 8
-1
Convert 182 (base 11) to base 4.
3103
-15 (base 14) to base 9
-21
Convert 1 (base 4) to base 8.
1
What is -2 (base 10) in base 3?
-2
1 (base 9) to base 10
1
-12a (base 13) to base 10
-205
Convert -4 (base 14) to base 4.
-10
What is 11101 (base 2) in base 6?
45
Convert -154 (base 6) to base 7.
-130
Convert 5 (base 7) to base 9.
5
Convert 2 (base 15) to base 9.
2
What is a6 (base 14) in base 11?
123
4 (base 13) to base 8
4
-2 (base 15) to base 11
-2
Convert -2 (base 10) to base 9.
-2
What is 56 (base 10) in base 13?
44
0 (base 6) to base 5
0
What is -3 (base 15) in base 14?
-3
-8 (base 15) to base 10
-8
Convert 0 (base 10) to base 12.
0
What is 50 (base 13) in base 8?
101
What is 26 (base 16) in base 9?
42
What is 515 (base 6) in base 2?
10111111
Convert -78 (base 10) to base 15.
-53
Convert 20 (base 15) to base 2.
11110
What is 1 (base 7) in base 10?
1
Convert -48 (base 9) to base 14.
-32
What is 9 (base 16) in base 11?
9
What is 10011000 (base 2) in base 9?
178
Convert 28 (base 13) to base 6.
54
Convert -54 (base 6) to base 12.
-2a
-7 (base 16) to base 4
-13
Convert 46 (base 16) to base 15.
4a
-23 (base 9) to base 6
-33
Convert 231 (base 6) to base 5.
331
Convert -125 (base 6) to base 16.
-35
-13 (base 6) to base 7
-12
-26 (base 8) to base 12
-1a
11111 (base 3) to base 7
232
Convert -7 (base 12) to base 4.
-13
Convert -37 (base 8) to base 11.
-29
Convert 1a (base 13) to base 5.
43
Convert -12 (base 12) to base 2.
-1110
What is 1112 (base 3) in base 7?
56
-333 (base 5) to base 7
-162
1 (base 11) to base 4
1
What is 43 (base 7) in base 3?
1011
41 (base 14) to base 4
321
What is -320 (base 4) in base 16?
-38
Convert 2 (base 10) to base 4.
2
200 (base 3) to base 2
10010
What is 0 (base 13) in base 10?
0
1013 (base 5) to base 11
111
-1010 (base 3) to base 9
-33
-1 (base 4) to base 16
-1
What is -100101110 (base 2) in base 4?
-10232
Convert -1 (base 15) to base 12.
-1
Convert -233 (base 6) to base 7.
-162
Convert 15 (base 15) to base 11.
19
Convert -34 (base 6) to base 8.
-26
-1 (base 13) to base 2
-1
11 (base 14) to base 2
1111
Convert 11 (base 3) to base 15.
4
What is -2 (base 8) in base 11?
-2
What is 202 (base 3) in base 8?
24
Convert 11 (base 7) to base 5.
13
Convert 5 (base 11) to base 14.
5
Convert -1 (base 16) to base 12.
-1
What is 0 (base 14) in base 5?
0
Convert 7e (base 16) to base 3.
11200
37 (base 10) to base 7
52
What is 67 (base 10) in base 3?
2111
11 (base 2) to base 5
3
-34 (base 6) to base 14
-18
Convert 32 (base 9) to base 6.
45
What is -100101101 (base 2) in base 8?
-455
Convert -1 (base 16) to base 15.
-1
What is -1 (base 14) in base 3?
-1
Convert 22 (base 4) to base 16.
a
Convert -11 (base 6) to base 16.
-7
What is -2 (base 10) in base 8?
-2
Convert 60 (base 7) to base 15.
2c
What is -232 (base 4) in base 2?
-101110
What is 10 (base 2) in base 14?
2
36 (base 13) to base 2
101101
What is 39 (base 14) in base 8?
63
Convert 4 (base 5) to base 7.
4
What is cc (base 13) in base 15?
b3
Convert 25 (base 8) to base 10.
21
Convert -2 (base 4) to base 9.
-2
Convert 169 (base 13) to base 7.
514
What is -82 (base 10) in base 13?
-64
What is -8 (base 12) in base 6?
-12
Convert 10000000 (base 2) to base 12.
a8
Convert 2 (base 13) to base 4.
2
-30 (base 15) to base 4
-23